he greatest common factor of g and l.
6
Let l(f) = -2*f**3 + 86*f**2 - f + 88. Let g be l(43). What is the greatest common divisor of g and 105?
15
Let n = -589 + 611. Calculate the greatest common factor of 1342 and n.
22
Let i be (-1 + (-765)/(-6))*2. What is the greatest common factor of i and 11?
11
Let b(v) = v**2 + 38*v + 52. Let i(z) = z - 1. Let l(u) = -b(u) + 4*i(u). Let x be l(-24). What is the highest common divisor of x and 46?
46
Let i(p) = -32*p**3 - 4*p**2 - 15*p - 26. Let x be i(-2). What is the greatest common factor of x and 183?
61
Suppose -p + 11 = 5*c - 18, 3*c = 5*p - 229. What is the greatest common divisor of p and 33?
11
Let u be (334/22)/1 + (-2)/11. What is the highest common factor of u and 24?
3
Let w be (-48)/7 + 2/(-14). Let j be (-2)/(w/((-455)/(-10))). Calculate the highest common divisor of j and 143.
13
Let j = 785 - 582. What is the highest common divisor of 87 and j?
29
Let x be -3 + (-6*1 - -1). Let a = -56 - -80. Let r = a + x. Calculate the greatest common factor of 16 and r.
16
Let x = 6 - 2. Let y be 2/(-6) + x/12. Suppose -3*i + 117 - 45 = y. Calculate the highest common divisor of i and 216.
24
Let t(j) = 10*j - 3. Let q be t(2). Suppose x - 5*x + 2*u = 182, x - u + 43 = 0. Let d = x + 65. Calculate the greatest common divisor of q and d.
17
Let z be (15/(-9))/(1/(-3)). Suppose z = -i - 4*x, 5*i + 0*x - 13 = -x. Suppose 10*p - 91 = i*p. Calculate the highest common factor of p and 26.
13
Let d be ((-15)/(-1))/3 + 0 + 0. Suppose 4*n = v + 74 + 75, -n = d*v - 53. Calculate the highest common divisor of n and 19.
19
Let n = 2 - -14. Let u(a) = -4*a - 68 + 60 - 6*a. Let d be u(-12). What is the highest common divisor of d and n?
16
Suppose 6*y - 52 = 32. Calculate the greatest common factor of y and 294.
14
Let a = -24 - -27. Suppose 0 = -a*n - 3*z + 33, 3*z + 18 = 2*n - 9. Calculate the greatest common factor of n and 48.
12
Suppose 9 - 66 = -3*j. Let c = -86 + 162. What is the highest common divisor of j and c?
19
Let t be ((-6)/9)/((-2)/123). Suppose -t - 109 = -5*m. Let h be (-1071)/(-42) + 9/2. Calculate the highest common divisor of m and h.
30
Let d be 32*((-90)/8)/(-9). Calculate the greatest common divisor of 10 and d.
10
Let s(f) = -f - 10. Let x be s(-38). What is the highest common factor of 154 and x?
14
Let u be (-265)/(-2) - 2/4. Suppose 2*a = 3*i - 3, 0 = -3*a + i - 4*i + 3. Suppose 6*g - 3*g - u = a. Calculate the greatest common factor of 22 and g.
22
Let v(r) = -3*r**3 + 1. Let s be v(-1). Suppose 3*w - 70 = -s*d, 5*w + d + 3*d - 122 = 0. What is the greatest common divisor of 13 and w?
13
Let p = 67 - 32. Let k = 48 - p. Calculate the highest common divisor of 26 and k.
13
Suppose -25*u - 5*u + 5130 = 0. What is the highest common divisor of 38 and u?
19
Let v(f) = 3*f**2 - 8*f - 7. Let w be v(-14). Suppose 259 = 8*n - w. Calculate the highest common factor of 17 and n.
17
Let l = -423 + 440. Suppose -3*f + 127 = -434. Calculate the highest common factor of f and l.
17
Suppose 213 = 11*b + 59. What is the highest common divisor of b and 7?
7
Let g(z) = 4*z**2 + 20*z - 40. Let q be g(2). What is the greatest common factor of q and 16?
16
Let a be (-705)/(-30) + 1/(-2). Let n(p) = -p**3 + p**2 - 3*p + 1. Let q be n(-3). What is the greatest common divisor of a and q?
23
Let r = 108 - -108. Calculate the highest common factor of 4 and r.
4
Suppose -26*i + 23*i + 165 = y, -i = 4*y - 715. Calculate the greatest common factor of 240 and y.
60
Let t(l) = -37*l - 7. Let r be t(-1). Let i = 168 + -158. What is the highest common factor of r and i?
10
Suppose -10 = 4*c - 9*c. Suppose 0 = 5*d + c + 13, -h + 7 = 3*d. Suppose 0 = -2*b + 180 - 100. Calculate the highest common divisor of b and h.
8
Let y be (-2 - -4)/(6/15). Suppose -y*h + 5*o = -45, -9*h = -4*h + 5*o - 75. Calculate the highest common factor of 3 and h.
3
Let q(b) = -34*b + 13. Let u be q(0). Suppose 10 = 6*p - p. What is the greatest common divisor of p and u?
1
Suppose -5*m + h = 0, 0 = 2*m + 3*h + h. Suppose m = -k + 59 - 35. Calculate the greatest common divisor of 36 and k.
12
Let k be (343/(-98))/((-1)/20). What is the highest common factor of 175 and k?
35
Let x = -1436 - -2411. What is the greatest common factor of x and 13?
13
Let q = -340 - -373. Let r(b) = 5*b + 8. Let t be r(7). Let g = -21 + t. Calculate the greatest common divisor of g and q.
11
Suppose 0 = 107*g - 110*g + 3. Let q be 8/28 + g/(21/372). What is the greatest common factor of 306 and q?
18
Suppose -2*j = 3*u + 38 - 41, -5*j = -4*u - 42. Let o(m) = 9*m**2 + 2*m - 2. Let s be o(-2). What is the highest common divisor of j and s?
6
Suppose -22 = -6*i - 5*i. Let h be (-759)/(-66) - i/(-4). Calculate the highest common factor of h and 228.
12
Suppose 4*z - 6 = 3*z. Suppose 4*x = -4*t + 2*x + 8, -2*t - 4 = 5*x. Suppose 12 = 5*n - t*n. Calculate the greatest common divisor of z and n.
6
Let m be ((-8)/(-8))/(2/48). Let j = 44 - m. What is the greatest common factor of j and 2?
2
Suppose -37*u + 283 = -7376. Calculate the highest common divisor of u and 138.
69
Let l = -7 - -7. Suppose 11 = 5*m + b - 12, 2*m - 3*b = 16. Suppose m*d + 3*a - 68 - 119 = 0, a + 1 = l. Calculate the greatest common divisor of d and 19.
19
Suppose -4*d = -l - 61, -4*d - 2*l + 84 = 26. Suppose 5*m - f = -5*f - d, 0 = -3*m - 5*f - 22. Calculate the highest common factor of 17 and m.
1
Let y(h) = -13*h**2 + 2*h - 1. Let z be y(1). Let g be (-1)/(1 - z/(-9)). Let n be 8/(-2 + -2) + g. Calculate the highest common divisor of n and 4.
1
Suppose -2*f = -4, x - 6*x = 2*f - 29. Suppose 2*q + 2*q = -3*a + 109, -x*q + 5*a = -110. Calculate the highest common factor of q and 25.
25
Let w(k) = -140*k**2 + k + 3. Let o be w(-1). Let l = -113 - o. Let z be (-6)/(-9) - (-1646)/6. Calculate the highest common factor of z and l.
25
Suppose 0 = -5*q - 2*m + 58, 0 = 3*q + 4*m - 0*m - 46. Let d = -132 + -43. Let t = d + 185. What is the greatest common divisor of q and t?
10
Suppose -637*x - 360 = -641*x. What is the highest common divisor of x and 126?
18
Suppose 0 = 56*n + 27*n - 1162. Calculate the greatest common divisor of 14 and n.
14
Let a(p) = -p**3 - 2*p**2 - p + 1. Let c be a(-3). Let h = -11 + c. Suppose -n = 4*u - u - 7, h*u + 8 = 0. Calculate the greatest common factor of n and 209.
19
Let y(j) = -4*j - 80. Let f be y(-41). What is the greatest common divisor of 28 and f?
28
Suppose 2*c - c = 3*n - 81, -5*c = -15. Calculate the highest common factor of n and 308.
28
Let z(v) = v**3 - 4*v**2 - 7*v + 2. Suppose c + 4*a - 2 = 0, 4*a = 4*c + 8*a - 20. Let k be z(c). What is the highest common factor of 8 and k?
8
Let c(x) = -142*x + 22*x**2 + 10*x**2 + 47*x**2 + 141*x. Let d be c(-1). Suppose -4*u + d = 4. What is the greatest common divisor of u and 95?
19
Suppose -2*v = -17 - 3. Suppose 1745 - 315 = v*p. What is the highest common factor of p and 11?
11
Let u = -39 - -38. Let i be 10/4*u*(-84)/10. Calculate the greatest common divisor of i and 21.
21
Let z be 1 - (2 + 72*-2). Let n(x) = -x**2 + 12*x - 19. Let j be n(10). Suppose 12 + j = f. Calculate the greatest common divisor of f and z.
13
Suppose -11*v = -25*v + 9184. What is the highest common divisor of v and 82?
82
Let r(l) = 4*l - 30. Suppose 4*k = -i + 39, -12 + 3 = -2*k + 3*i. Let d be r(k). Suppose q - d = -2*q. What is the highest common divisor of q and 2?
2
Suppose 0 = -5*q - 5*t + 1060, -q - t + 5*t + 187 = 0. Calculate the greatest common factor of q and 23.
23
Let q be 8/(-10)*340/8. Let r = q - -40. Suppose r*p - 4*p = 24. Calculate the greatest common divisor of 132 and p.
12
Let g(c) = -c**3 + 12*c**2 - 21*c - 20. Let l be g(4). What is the greatest common divisor of l and 456?
24
Let o be (-8 - 0)/(7 + -9). Suppose 3 = o*d - 5*m, 3*d = d - m + 5. Let i be 4/d*(-27)/(-6). What is the highest common divisor of 3 and i?
3
Let v(f) = 11*f + 8. Let q be (2 - 68/20)*-5. Let t be v(q). Let k = t + -49. What is the highest common factor of 9 and k?
9
Let b(y) = y**3 - 9*y**2 + 16*y - 5. Let c be b(7). Calculate the highest common factor of 2 and c.
1
Suppose -144 = -54*q + 48*q. What is the greatest common divisor of 1656 and q?
24
Suppose 0 = 6*o - 2410 + 694. What is the greatest common factor of 22 and o?
22
Let f = 102 -